 divisor of u and 15?
15
Let w(c) = 46*c**2 - 4*c. Let h be w(2). Let q = 36 - 14. What is the highest common factor of q and h?
22
Let m = -4 - -9. Suppose m*f - 122 = 4*i, -2*f - 2*f + 4*i + 100 = 0. Let d = 329 + -131. Calculate the greatest common divisor of d and f.
22
Let y(t) = -2*t - 180 - 5*t + 3*t. Let d(u) = u. Let p(x) = -3*d(x) - y(x). Let r be p(0). What is the highest common divisor of 18 and r?
18
Suppose 2*y - 12 = -2*y. Suppose y*q + 2*q = 60. Let z(g) = -34*g - 4. Let d be z(-4). Calculate the highest common divisor of q and d.
12
Let a = 7 + -3. Suppose -c - x = 4*c - 278, 0 = c - a*x - 64. What is the greatest common factor of 8 and c?
8
Suppose 4*h + 3*h - 1190 = 0. What is the greatest common factor of h and 10?
10
Let d be (-2 - 0) + (-6 - -15). What is the greatest common factor of 21 and d?
7
Let w(v) = -v**2 + 19*v - 10. Let n be w(9). Let x = -21 + 37. Calculate the greatest common divisor of n and x.
16
Suppose 3*g + 3*m - 132 = 0, -2*g + m + 109 - 27 = 0. Suppose g = 3*w - 66. Calculate the highest common factor of w and 24.
12
Suppose -3*l + 370 = 130. Let c(v) = -2*v + 12. Let h be c(8). Let j(f) = 2*f**2 + 3*f - 4. Let m be j(h). What is the highest common divisor of l and m?
16
Let q(x) = -8*x**3 + x**2 + 2*x + 1. Let d be q(-1). Calculate the greatest common divisor of d and 8.
8
Let i = -5 - -6. Suppose -i = -3*g + 3*p + 5, -3*p + 2 = g. What is the highest common factor of g and 3?
1
Suppose -10*b - 39 = -13*b. Calculate the highest common factor of b and 52.
13
Suppose n + 0*n - 11 = 0. What is the greatest common factor of n and 121?
11
Let q(g) = 58*g**2 - g. Let c be q(1). Calculate the greatest common factor of c and 38.
19
Let r = -4 + 1. Let p = 9 + r. Let q = 15 + -9. What is the greatest common divisor of p and q?
6
Let w = 70 + -1. What is the highest common factor of 46 and w?
23
Suppose 3*i = -5*c + 36, -27 = -3*i - 4*c + 2*c. Let u(g) = -g**2 + 1. Let t be u(0). What is the greatest common factor of i and t?
1
Suppose -j - 4*b = -0*j + 11, -4*j = b - 1. Let a(i) = -4*i - 1. Let d be a(-1). Let o = d + 1. Calculate the greatest common factor of j and o.
1
Let x be 1*(6/(-3) - -32). Suppose 6*k - k - 50 = 0. Calculate the highest common factor of k and x.
10
Let i = -4 - 1. Let d(l) = -2*l**3 - 3*l**2 + 4*l - 8. Let s be d(i). What is the greatest common factor of s and 21?
21
Let i(o) = 2*o - 2. Let p be i(3). Let j = 0 - -44. Calculate the greatest common factor of j and p.
4
Let t(w) = -w**3 + w**2 + 6*w + 5. Let b be t(-3). Calculate the highest common divisor of b and 92.
23
Let a(d) = -d + 7. Let h be a(5). Suppose 2*s + 3 = s. Let i be (-62)/(-6) + 1/s. Calculate the greatest common divisor of h and i.
2
Let t be -2 - -2 - (-1 - 1). Suppose -4*g - t*s + 3*s = -530, -522 = -4*g - 3*s. Calculate the highest common factor of g and 12.
12
Let y(q) = q**3 + 2*q - q - 7*q**2 + 0*q - 4 + 9. Let t be y(7). Let i be ((-8)/t)/((-2)/165). What is the highest common factor of i and 22?
11
Suppose 2*n + 0*n = -2*l + 170, 4*l - 4*n = 308. Suppose u = -u + 72. Suppose u = 5*a - a. Calculate the highest common factor of a and l.
9
Suppose -129 - 231 = -4*w. What is the greatest common factor of w and 18?
18
Let v be (-425)/(-9) + (-6)/27. Suppose 3*z + v = 4*d, 62 = 4*d - 3*z + 5*z. What is the highest common factor of d and 28?
14
Let h = 341 + -237. Suppose 4*m = -m + 65. Calculate the highest common factor of h and m.
13
Let r(u) = 5*u - 2 - 5 + 5*u - u**2 - u. Let w be r(7). What is the highest common divisor of w and 14?
7
Suppose 0 = -5*i + 2*g + 35, -7*g + 35 = 5*i - 2*g. Calculate the highest common factor of 28 and i.
7
Let w = 43 - 42. What is the greatest common factor of w and 8?
1
Let d = 75 - 17. What is the highest common factor of d and 145?
29
Suppose 3*d = -2*l + 15, -2*d = 2*l + l - 5. Calculate the greatest common divisor of 35 and d.
7
Suppose 0*v = -v + 46. Let o = v - 21. What is the greatest common divisor of o and 100?
25
Suppose 2*r - 4*b - 120 = 0, -b + 182 + 85 = 4*r. Suppose -3*v + 0*v + o = -17, 3*v + 3*o - 21 = 0. Calculate the highest common divisor of r and v.
6
Let t = 166 + -91. What is the greatest common divisor of t and 15?
15
Let x = -8 + 43. Calculate the highest common divisor of x and 7.
7
Let x(t) = 7*t**2 + 2*t. Let v be -2 + 1 + -3 + 2. Let u be x(v). What is the highest common divisor of 12 and u?
12
Let j(s) = -s**3 + 4*s**2 - s + 3. Let o be j(4). Let c be (o/2)/((-2)/4). Let a = 64 - 63. Calculate the highest common factor of a and c.
1
Suppose -3*z + 7 + 54 = 4*v, 3*v - 4*z = 77. Let a = -26 + 45. What is the greatest common divisor of v and a?
19
Let c(f) = f**3 + 3*f**2 - 2*f. Let r be c(-3). Let m = 22 + -18. What is the greatest common divisor of r and m?
2
Let x be (18/(-5))/((-1)/5). Let n(o) = -o**3 + 3*o**2 + 5. Let g be n(4). Let c = g + x. What is the highest common factor of c and 7?
7
Let g(k) = 3*k**2 + 5*k - 4. Let n be g(-4). Let l be 4/10 + (-174)/(-15). What is the greatest common factor of l and n?
12
Let q be 3/(-1)*(-16 - -7). What is the highest common divisor of q and 9?
9
Suppose -3*r - r - 32 = 0. Let n = 26 + r. Let i = 5 + -3. Calculate the highest common divisor of n and i.
2
Let a = 51 + -29. Calculate the greatest common divisor of 33 and a.
11
Let d = -165 - -74. Let o = -41 - d. What is the highest common factor of 10 and o?
10
Let t(a) be the first derivative of 5/3*a**3 + 5*a + 1/4*a**4 - 1 - 7/2*a**2. Let o be t(-6). Calculate the greatest common divisor of o and 77.
11
Let k(x) = -4*x + 7. Let v be k(0). Let f(l) = -l**3 + 7*l**2 - 8. Let a be f(6). Let t = v + a. What is the highest common divisor of t and 7?
7
Suppose 5*i + 2*s - 59 = -2*s, -4*s = 16. Let k(x) = x**3 + 6*x**2 + x - 5. Let p be k(-5). Calculate the greatest common factor of i and p.
15
Let f(s) = 22*s + 6. Let j be f(-5). Let d = -74 - j. Calculate the greatest common divisor of d and 45.
15
Suppose 6*u - 190 = 116. Calculate the greatest common divisor of 459 and u.
51
Let k = -3 - -7. Suppose -3*d = -k*d + 3. Let h be (39 - d)*1/2. Calculate the greatest common divisor of h and 126.
18
Let k(l) = 9*l + 14. Let b be k(10). Calculate the greatest common divisor of b and 13.
13
Let q be 15/(4 - 1) - 2. Suppose y = -3*m + q*y + 137, -3*m + 130 = 5*y. Suppose b = a + 11, -18 - 1 = -b + 5*a. What is the highest common factor of b and m?
9
Let q be -2 + -1 - (0 - 6). Suppose -4*x + 68 = 4*d, -15 = -q*x - 0*x. Let m(o) = -53*o + 2. Let c be m(-2). What is the greatest common divisor of d and c?
12
Suppose -5*k + 66 = -2*f, 0 = -0*k - 3*k + 3*f + 45. What is the greatest common divisor of 54 and k?
6
Suppose 385 = 7*g - 2*g. Suppose 5*j = 5*i + 30, -31 = -4*j - 3*i - 0*i. Calculate the greatest common factor of j and g.
7
Let x be (10/3)/((-1)/(-3)). Let h = -1 + 1. Let d(q) = -q**3 - q**2 + 30. Let l be d(h). Calculate the highest common factor of l and x.
10
Let x(c) = -c**2 + 7*c - 7. Let a be x(5). Suppose a*k = -k + 16. Let f be (48/(-14))/(2/(-21)). Calculate the highest common factor of k and f.
4
Let m be 1754/10 + (-6)/15. Calculate the greatest common factor of m and 35.
35
Suppose 2*y = 3*y - 7. Let c(x) = x**2 - 6*x + 3. Let s be c(y). Let z(f) = f**2 - 6*f - 5. Let t be z(11). Calculate the greatest common divisor of t and s.
10
Suppose -4*v = -46 + 10. Let o be v/2*2176/51. What is the highest common divisor of o and 24?
24
Suppose 3*z = -g + 6*z + 298, -2*g - 3*z + 560 = 0. Calculate the highest common factor of g and 26.
26
Let f = 18 - -21. What is the highest common factor of 26 and f?
13
Let x = -367 - -675. What is the greatest common factor of 44 and x?
44
Suppose 6*y = 5*y + 19. Calculate the greatest common factor of 171 and y.
19
Suppose 0 = r + 5*r - 162. Calculate the greatest common factor of r and 243.
27
Let k be 0*(-4 + (-36)/(-8)). Suppose k*j - 3*j + 27 = 0. Let o(p) = 5*p**2 + p - 4. Let a be o(-4). What is the greatest common factor of a and j?
9
Let s(h) = h**2 - 3*h - 3. Let v be s(-4). Let g = v + -12. Let x = 147 + -95. What is the greatest common factor of g and x?
13
Suppose 4*d - 2 = 10. Suppose d*t = t + 6. What is the highest common divisor of 15 and t?
3
Let p(j) = -j**3 - 16*j**2 - 17*j + 9. Let u be p(-15). Cal